f z(-5)?
4
Let l = 3999 + -1655. What is the tens digit of l?
4
Suppose 2*j + w = -3*j + 5556, -3*w = -3*j + 3330. What is the units digit of j?
1
Let p be (0/(2/(-2)))/1. Let y be 2*(2 - p - 1). What is the tens digit of (21/(-2))/((-1)/y)?
2
Let u be (-4 - (-15)/3)*0. Suppose u = -0*r - 5*r + 820. What is the tens digit of r?
6
Suppose -3*k - 5*s = -34, 5*k + 0*k + 5 = 4*s. Suppose -k*a = -6*a - 66. Let n = a + 36. What is the units digit of n?
4
Let i be 2 + -1 + -1 - (-3 + 35). Let c = -4 - -7. What is the tens digit of c + -10 - -4 - i?
2
What is the tens digit of (-2*262/12)/(297/(-31185))?
8
Let d be 7740/28 - 6/14. Suppose -4*q - 260 - 68 = -4*s, 3*s + 3*q = d. Suppose -5*w = -i + 2*i - 133, -3*i - s = -3*w. What is the tens digit of w?
2
What is the units digit of 0/2 + 2 + 3768/3?
8
Let u = -77 + 486. What is the hundreds digit of u?
4
Let s = -166 - -182. Let w be ((-9)/(-6))/((-1)/(-12)). Let i = w - s. What is the units digit of i?
2
Let b(q) = q**2 + 2*q - 10. Let t be b(-7). Let p be 32/10 + (-5)/t. Suppose g + 90 = p*o, -73 = -2*o + 3*g + 2*g. What is the tens digit of o?
2
Let w(s) = 2*s**2 - 5*s + 4. Let q be w(2). Let g(k) = 10*k**3 + k + 1. What is the units digit of g(q)?
3
Suppose -s - s + 368 = -2*b, 188 = s + b. What is the tens digit of s?
8
Let b = -1315 + 2286. Suppose 2*z + 2*d = 474, -3*z + b = 5*d + 250. What is the tens digit of z?
3
Suppose -s + 102 = 2*r, -167 = -4*s + 2*r + 281. What is the hundreds digit of s?
1
Let q be (-10)/(-65) - (-41)/(-13). Let x be q + 82/1 - -2. Let r = x - 58. What is the units digit of r?
3
Let h be ((-16)/1)/(2/(-4)). What is the units digit of 9/24 - (-4724)/h?
8
Let a(v) = 9*v**3 - 2*v**2 - 12*v + 65. What is the tens digit of a(6)?
6
Suppose -18*y = -14*y - 8. Suppose -y*w = -5*w + 636. What is the units digit of w?
2
Let v be 3 - (37 + (-25)/5). Let u = 232 + v. What is the hundreds digit of u?
2
Let t(y) = y + 7. Let c be t(-7). Suppose 0 = -c*h - h + 68. Suppose -h = -3*j - 8. What is the units digit of j?
0
Let o(k) = -25*k - 1. Let n be o(-1). Let d be n/(-4)*(-3)/(-6). Let m = 6 - d. What is the units digit of m?
9
Suppose -15*m = -5*m - 40. Suppose m*l - 188 = 20. What is the tens digit of l?
5
Let s = -1 + 65. Let x = -7 + s. What is the units digit of x?
7
Suppose -4*a = -16, -3*g = -a - 14 + 3. Let x = g + -6. What is the units digit of 8/(x/(-8)*2)?
2
Let p(o) = -17 + 30*o - 4 - 3*o + 10. What is the tens digit of p(3)?
7
Let y = 7 + -9. Let p be y - (5 + -1 + -2). Let t = p + 37. What is the units digit of t?
3
Suppose s + 10 = 5*s + 2*y, 0 = 2*s - 5*y + 1. Suppose -s*m - 8 = -6*m. Suppose -m*t + 23 = b, 3*t - 104 = -3*b + 4*t. What is the tens digit of b?
3
Suppose 3*g = i + 74, 4*g - 3*i - 96 = i. Let t be ((-30)/(-9))/(2 + (-8)/6). Suppose g + 75 = t*y. What is the units digit of y?
0
Suppose 2*v - 115 = -3*f, 3*f + 69*v - 127 = 70*v. Let a(i) = -i**2 + 6*i - 4. Let l be a(4). Suppose 5*q = l*q + f. What is the tens digit of q?
4
Let z = -75 - -91. Suppose z*c - 556 = 868. What is the units digit of c?
9
Suppose 0 = 8*b - 13*b + 2785. Suppose -257 = -11*o + b. What is the tens digit of o?
7
Let b(j) = -j**2 - 8*j - 8. Let x be b(-6). Let c be -25 + (x/(-2) - -1). What is the tens digit of 2 - c*(-15)/(-6)?
6
Let i be 20/(-90) - 4/(-18). Suppose 2*v + 4*v = i. Suppose 2*x - 144 = -3*c - c, 3*c + 2*x - 110 = v. What is the units digit of c?
4
Let s be -2 - 1 - (3 + -6). Suppose s = -31*w + 30*w + 30. What is the units digit of w?
0
Suppose -2*h - 384 - 753 = -3*v, 3*v = -4*h + 1137. Suppose -z = -l - 129, 2*z + z - v = l. Suppose z = x + 4*x. What is the units digit of x?
5
Let t = -59 + -2. Suppose -p = 5*q + 48 + 136, -4 = p. Let z = q - t. What is the tens digit of z?
2
Let f(z) = -z**2 + 29*z - 56. Let a = 83 - 69. What is the tens digit of f(a)?
5
Let y be (-2 - (-5)/2)/((-5)/(-40)). Suppose y*n = 0, 0*m - 5*m + 35 = 4*n. What is the units digit of m?
7
Suppose -4*i + 16 = -2*c, 12 = 5*i - 13. What is the units digit of 0 + (-876)/(-8) - c/4?
9
Let z(i) = -i - 10. Let w = 8 + -16. Let a be z(w). What is the units digit of (-5)/(-3 + a) + 34?
5
Let h = 10996 - 7168. What is the hundreds digit of h?
8
Let v(o) = 20*o**2 + 48*o - 40. What is the units digit of v(-10)?
0
Let q be (1774/(12/(-6)))/(-1). Suppose 4*l = -3*h + q, -h - 114 + 407 = 2*l. What is the tens digit of h?
0
Let p(u) = u**2 - 6*u - 37. Let x be p(8). What is the hundreds digit of (-2808)/x + (-1)/((-7)/2)?
1
Suppose 2*y + 4*m = 7*y - 34, -2*y + 7 = 5*m. Suppose 5*h + 66 = y*h. What is the units digit of h?
6
What is the units digit of 4/6 - (-4 + 64232/(-24))?
1
Suppose 3*a + 7 + 2 = -4*w, 5*w + 4*a + 11 = 0. Let h be 282/(-2)*w/9. Suppose -4*b = -h - 37. What is the units digit of b?
1
Suppose 22*w + 2490 = 7*w. Let h = -116 - w. What is the units digit of h?
0
Suppose -p = -3*w - 9, 4*p = -p - w - 3. Suppose p = 7*c - 724 - 95. What is the hundreds digit of c?
1
Let n = 46 - 68. Let y = -56 - n. Let m = y - -58. What is the units digit of m?
4
Suppose 4*o - 970 = 4070. What is the hundreds digit of o?
2
Let z(n) = 2*n**2 + 29*n + 19. Let p be z(-14). Suppose 5*j + 4*i - 300 = p*i, 0 = -i - 5. What is the tens digit of j?
5
Let r = -265 - -401. Suppose -3*x + 102 = 3*w, 3*w - 2*w - r = -4*x. What is the units digit of x?
4
Let p = 5376 - 2896. What is the tens digit of p?
8
Suppose -2*x - 3499 = 4*k - 15505, -5983 = -2*k + 3*x. What is the tens digit of k?
9
Suppose w + 2*y = 313, -4*w - 5*y + 2*y + 1252 = 0. What is the hundreds digit of w?
3
What is the tens digit of (-4)/(-1) - 5/(30/(-17556))?
3
Let i(o) = 4*o**3 - o**2 - 3*o + 3. Let q be i(2). Let w be (-18)/(-99) + 612/22. Suppose -w = -b + q. What is the units digit of b?
3
Let m = -554 - -1031. What is the tens digit of m?
7
What is the units digit of (13 + -8 + -3)/((-3)/(-1356))?
4
Suppose 3*v + 1 = 4*v + 2*n, -5*n = -v + 15. Suppose 5*x + 3*t - 1082 + 107 = 0, -4*x + 767 = v*t. What is the hundreds digit of x?
1
Suppose -114 - 30 = -18*i. Let n(s) be the first derivative of s**4/4 - 8*s**3/3 + 7*s**2/2 - 5*s - 1. What is the tens digit of n(i)?
5
Let r = 1 - -3. Suppose -3*x + x + r*j = -8, 2*j = 3*x - 4. Suppose -4*m = x, 3*m - m + 21 = 3*b. What is the units digit of b?
7
Suppose 66 = g - 47. Let h = -62 + g. What is the tens digit of h?
5
Let m(u) = -25*u**2 + 7*u + 8. Let x be m(-8). Let v be 10/(-35) + x/14. What is the tens digit of (-3)/(-9) + v/(-6)?
2
Let k be 1 - 9/(36/(-16)). Suppose b + 0 = -3, 5*b + 505 = k*x. What is the units digit of x?
8
Suppose -241*z = -214*z - 68796. What is the units digit of z?
8
Let t = 332 - -885. What is the thousands digit of t?
1
Suppose -4*v + v + 864 = 0. Suppose -v = -h - 4*h + 4*y, -y = -5*h + 282. Suppose -2*f = -h + 6. What is the units digit of f?
5
Let g(n) = 14*n**2 + n + 2. Let q be g(-2). Let u be -3 - (q/(-1))/4. Let a(m) = -m**2 + 16*m + 2. What is the tens digit of a(u)?
5
Let v = 1415 - 615. What is the tens digit of v?
0
Let t(x) = x**2 + 3*x - 3. Let b(u) = -7*u**2. Let l be b(1). Let n(p) = p. Let a be n(l). What is the units digit of t(a)?
5
Suppose -4*z = -2*k + 410, 0 = -5*k - 0*z - 3*z + 1025. Let r = -63 + k. What is the tens digit of r?
4
Let v(j) = -j**3 - 2*j**2 - 6*j + 9. What is the tens digit of v(-8)?
4
Let q(i) = -i**3 - 8*i**2 - i - 5. Let p be q(-8). Let y be (6 + -7)*(-4 + -1). Suppose y*b - 33 = -p*o + 24, 2*b = -6. What is the tens digit of o?
2
Suppose 3*m - 4*a = 1665, 8*m + 1641 = 11*m + 4*a. What is the hundreds digit of m?
5
Let c = -54 - -46. Let z = c + 55. What is the tens digit of z?
4
Let c = 6307 - 4350. What is the hundreds digit of c?
9
Let x(a) = 1 + 5*a**2 + a - 2 - 5. What is the tens digit of x(3)?
4
Suppose 9778 = 3*b + 241. What is the hundreds digit of b?
1
Let n = 35 + -32. Suppose n - 48 = 5*z. Let a = -3 - z. What is the units digit of a?
6
Let l(t) = 594*t + 81. What is the tens digit of l(2)?
6
Suppose -o - 18 = -0*o. Let n = o + 24. Let k = 26 - n. What is the units digit of k?
0
Let j be (0 - 1) + 3 + -1. Let x(a) = a**3 + a**2 - a - 2. Let i(k) = k**3 + k**2 - k - 1. Let q(o) = 5*i(o) - 3*x(o). What is the units digit of q(j)?
3
Let a = 197 - 149. What is the tens digit of a?
4
Let q be 3*(39/2)/(12/16). Let s = q + -61.